illions digit of 16067843?
1
What is the thousands digit of 117745560?
5
What is the hundreds digit of 55998464?
4
What is the ten thousands digit of 30293077?
9
What is the hundreds digit of 84228011?
0
What is the thousands digit of 2827176798?
6
What is the thousands digit of 67803155?
3
What is the tens digit of 4269572593?
9
What is the hundred millions digit of 3494402556?
4
What is the units digit of 33121643?
3
What is the hundred millions digit of 225936402?
2
What is the hundreds digit of 92299090?
0
What is the units digit of 283428153?
3
What is the tens digit of 582268?
6
What is the millions digit of 47151258?
7
What is the tens digit of 257524718?
1
What is the ten thousands digit of 78684213?
8
What is the tens digit of 152564964?
6
What is the millions digit of 504260167?
4
What is the ten thousands digit of 647274489?
7
What is the hundred thousands digit of 51399343?
3
What is the thousands digit of 6354900?
4
What is the thousands digit of 144535814?
5
What is the hundred millions digit of 1463615215?
4
What is the hundred thousands digit of 245168616?
1
What is the hundred millions digit of 218237905?
2
What is the hundred millions digit of 1226709646?
2
What is the hundred thousands digit of 14649378?
6
What is the hundred thousands digit of 32887076?
8
What is the hundreds digit of 892538707?
7
What is the units digit of 29590682?
2
What is the millions digit of 1158133856?
8
What is the hundreds digit of 2815814296?
2
What is the billions digit of 2893599992?
2
What is the ten millions digit of 13840322?
1
What is the ten thousands digit of 33380996?
8
What is the billions digit of 2108434249?
2
What is the tens digit of 2404424539?
3
What is the thousands digit of 15243411?
3
What is the hundred millions digit of 256942326?
2
What is the ten millions digit of 24214128?
2
What is the thousands digit of 78760325?
0
What is the hundred millions digit of 753215593?
7
What is the ten millions digit of 62083983?
6
What is the thousands digit of 546332236?
2
What is the tens digit of 1501005882?
8
What is the ten millions digit of 4890401227?
9
What is the hundred millions digit of 451184387?
4
What is the units digit of 503120420?
0
What is the millions digit of 20572316?
0
What is the billions digit of 1536547628?
1
What is the units digit of 22718055?
5
What is the hundred millions digit of 1751733823?
7
What is the hundred millions digit of 312674721?
3
What is the thousands digit of 3031834518?
4
What is the hundreds digit of 4503315697?
6
What is the units digit of 4018866975?
5
What is the hundred millions digit of 872533492?
8
What is the thousands digit of 536137336?
7
What is the billions digit of 1098970051?
1
What is the hundred millions digit of 8105512468?
1
What is the ten thousands digit of 297448919?
4
What is the ten thousands digit of 6227527648?
2
What is the hundreds digit of 63353170?
1
What is the hundreds digit of 1254228990?
9
What is the units digit of 175733382?
2
What is the hundreds digit of 105375138?
1
What is the tens digit of 164780656?
5
What is the tens digit of 99391867?
6
What is the hundreds digit of 45816801?
8
What is the billions digit of 3263039584?
3
What is the tens digit of 159594910?
1
What is the hundred thousands digit of 1308708961?
7
What is the thousands digit of 706030452?
0
What is the billions digit of 6954745016?
6
What is the hundreds digit of 723149781?
7
What is the hundred thousands digit of 4842287?
8
What is the tens digit of 160789539?
3
What is the millions digit of 41481447?
1
What is the thousands digit of 183080020?
0
What is the ten millions digit of 26697707?
2
What is the hundred thousands digit of 172839397?
8
What is the ten millions digit of 17902239?
1
What is the hundred thousands digit of 1136441095?
4
What is the hundred millions digit of 270777872?
2
What is the hundreds digit of 72220447?
4
What is the thousands digit of 4870762?
0
What is the units digit of 5977940?
0
What is the units digit of 52665460?
0
What is the hundreds digit of 385642458?
4
What is the hundreds digit of 5588749?
7
What is the hundred thousands digit of 230133431?
1
What is the thousands digit of 304704789?
4
What is the thousands digit of 64389703?
9
What is the ten thousands digit of 3256044442?
4
What is the units digit of 189308246?
6
What is the millions digit of 17574466?
7
What is the ten millions digit of 229782010?
2
What is the millions digit of 345853780?
5
What is the thousands digit of 6443530814?
0
What is the units digit of 852103771?
1
What is the hundred thousands digit of 359918320?
9
What is the tens digit of 156488925?
2
What is the hundred millions digit of 695046329?
6
What is the hundred thousands digit of 780416283?
4
What is the thousands digit of 2743298283?
8
What is the millions digit of 109796605?
9
What is the hundreds digit of 2113234420?
4
What is the hundreds digit of 3916715387?
3
What is the hundreds digit of 1379677304?
3
What is the millions digit of 3870189223?
0
What is the thousands digit of 146467915?
7
What is the tens digit of 660746886?
8
What is the hundred millions digit of 338066872?
3
What is the billions digit of 1755971669?
1
What is the hundred millions digit of 925294180?
9
What is the hundred millions digit of 143504919?
1
What is the tens digit of 1901448652?
5
What is the thousands digit of 20168591?
8
What is the hundreds digit of 18983515?
5
What is the hundred millions digit of 162278865?
1
What is the tens digit of 234445538?
3
What is the thousands digit of 11334062?
4
What is the hundreds digit of 177143286?
2
What is the thousands digit of 392821827?
1
What is the tens digit of 524925741?
4
What is the hundred millions digit of 1267014794?
2
What is the tens digit of 17110828?
2
What is the units digit of 315471512?
2
What is the millions digit of 814451002?
4
What is the units digit of 50616744?
4
What is the thousands digit of 554638236?
8
What is the thousands digit of 13697273?
7
What is the hundred thousands digit of 29569084?
5
What is the units digit of 5792317049?
9
What is the ten thousands digit of 2884341437?
4
What is the millions digit of 270549820?
0
What is the hundreds digit of 3439685295?
2
What is the ten millions digit of 2449529170?
4
What is the hundred millions digit of 265071620?
2
What is the ten thousands digit of 1071397665?
9
What is the thousands digit of 65820712?
0
What is the hundreds digit of 4971353776?
7
What is the hundred millions digit of 553726564?
5
What is the tens digit of 677367107?
0
What is the hundred millions digit of 1593931219?
5
What is the thousands digit of 365990220?
0
What is the thousands digit of 153038126?
8
What is the hundred millions digit of 382574693?
3
What is the hundreds digit of 2747800613?
6
What is the millions digit of 217913708?
7
What is the ten millions digit of 154584873?
5
What is the hundred thousands digit of 181282430?
2
What is the millions digit of 501028679?
1
What is the millions digit of 98743845?
8
What is the millions digit of 201752842?
1
What is the hundreds digit of 1239143687?
6
What is the hundred thousands digit of 22360787?
3
What is the thousands digit of 281967612?
7
What is the hundred thousands digit of 83710490?
7
What is the ten thousands digit of 2991381?
9
What is the millions digit of 2019349617?
9
What is the ten millions digit of 96360238?
9
What is the millions digit of 896640493?
6
What is the millions digit of 244876549?
4
What is the ten millions digit of 739686433?
3
What is the hundred millions digit of 346018100?
3
What is the ten millions digit of 254582693?
5
What is the billions digit of 5011037330?
5
What is the ten thousands digit of 173086997?
8
What is the ten thousands digit of 1156170032?
7
What is the millions digit of 29155865?
9
What is the units digit of 1612528806?
6
What is the thousands digit of 502740802?
0
What is the thousands digit of 483223671?
3
What is the hundred thousands digit of 91498634?
4
What is the hundred thousands digit of 55389440?
3
What is the millions digit of 3707519327?
7
What is the ten thousands digit of 6164108522?
0
What is the ten thousands digit of 135032581?
3
What is the thousands digit of 6354288?
4
What is the units digit of 3478852307?
7
What is the ten 